5*p - 3. What are the prime factors of p?
2, 3
Let b(v) = 5*v**3 + 2*v**2 - 4*v + 3. List the prime factors of b(2).
43
Let x be (-15)/2*20/(-25). Suppose t + x = -2*c + 13, 7 = 2*t - 3*c. Suppose -4*q - 3*a = a - 28, t*a = 5*q - 75. List the prime factors of q.
11
Suppose 0 = 2*s + 3*s - 25. Suppose -s = w + 4*w. List the prime factors of (w - 2)/((-6)/4).
2
Let m(b) = -b**2 - 6*b - 2. Let s be m(-5). Suppose 3*z + p + 38 = 5*z, 0 = s*p - 6. What are the prime factors of (-106)/(-10) - (-8)/z?
11
Suppose -o = 3*i - 111, i + 0*o = 4*o + 50. Suppose -i = -q - 13. Suppose -q = -5*n + 45. List the prime factors of n.
2, 7
Let c be (-2 - -2) + (-2 - -12). Let m = c - 7. Suppose 1 = m*u - 5. What are the prime factors of u?
2
Suppose 0 = -5*i - 7*o + 6*o + 1808, 3*i - 4*o - 1094 = 0. List the prime factors of i.
2, 181
Let l be (-25)/(-15) + 1/3. Let d(f) = f**2 - 2*f - 2. Let b be d(l). List the prime factors of (1 + b)/(3/(-39)).
13
Suppose -4*r = -2*r - 32. List the prime factors of r.
2
Let j = 409 - 260. Suppose -j = -3*t - 5*b, b = 5*t + 3*b - 242. List the prime factors of t.
2, 3
Let k(w) = -3*w + 13. What are the prime factors of k(-7)?
2, 17
Let k = -22 + 44. Suppose 6*z - 2*z = -x + k, -24 = -4*z - 2*x. Let m = -3 + z. What are the prime factors of m?
2
Let r(d) = 2*d**2 + 2*d. Let c be r(2). Let x = 4 - c. Let i(f) = f + 13. List the prime factors of i(x).
5
Let g(b) = 8*b + 14. What are the prime factors of g(13)?
2, 59
Suppose -3*b + u + 407 = 0, 3*b - 133 = 2*b + u. List the prime factors of b.
137
Suppose -621 = -14*h + 11*h. List the prime factors of h.
3, 23
Suppose 0 = 5*a - 16 - 4. Suppose a*y - 128 + 20 = 0. Suppose -4*s - 7 + y = 0. What are the prime factors of s?
5
Let p(b) = -1 - 2*b - b**2 + 0*b**2 + 0*b**2. Let u be p(-2). What are the prime factors of (-8 + 1/u)*-1?
3
Suppose -441 = -4*r + 3*i, 0*r - 4*i + 204 = 2*r. List the prime factors of r.
2, 3
Suppose 5*a + 15 = -55. List the prime factors of 110/7 - 4/a.
2
Let b be (3/2)/((-6)/8). Let g be (2/6)/((-2)/12). List the prime factors of b + 2 - g - -10.
2, 3
List the prime factors of 67 + 1 + -1 + 6 + -5.
2, 17
Let g(v) = -6*v + 4. Let f be g(2). What are the prime factors of (-81)/(-4) - (-2)/f?
2, 5
What are the prime factors of 15/(-6)*(-1)/(15/636)?
2, 53
Suppose -3*y + 78 = 27. List the prime factors of y.
17
Let b be (-4)/(-10) - (-36)/10. Let j be 316/10 - b/(-10). Suppose -23 = -5*h + j. List the prime factors of h.
11
Suppose -d - 6*k = -5*k - 2, -3*k - 6 = 0. Suppose -4*o = -d - 0. Suppose o - 7 = -3*u. List the prime factors of u.
2
Let t be 1*-3 - (-10 + 4). Let p(f) = 10*f + 2. What are the prime factors of p(t)?
2
Suppose -4*p - 8 = 16. Let l = 14 + p. List the prime factors of l.
2
Suppose 3*n - 5 - 22 = 0. List the prime factors of n.
3
List the prime factors of 306/15 - 2/5.
2, 5
Let w = 1 - -3. Let b(h) = 10*h - 3. What are the prime factors of b(w)?
37
Let q(r) = -r**3 - 10*r**2 + 12*r + 9. Let i be q(-11). Let k = i - -17. What are the prime factors of k?
3, 5
What are the prime factors of (8 + -17)*(-174)/9?
2, 3, 29
Let m(r) = -r**3 + 4*r**2 + 2*r - 4. Let b be m(4). Suppose 0 = i - 5. Suppose -2*s - 5 + 19 = b*j, -j = s - i. What are the prime factors of j?
2
Suppose s + 3*s = 108. Let h = s - 20. List the prime factors of h.
7
Let c(v) = -334*v**3 - 7*v - 8. List the prime factors of c(-1).
3, 37
Suppose 83 = 3*i + 2*l + 26, 3*l - 12 = -i. List the prime factors of i.
3, 7
Let v be 38 - -4 - 2 - 3. Suppose -r - 4 = -v. List the prime factors of r.
3, 11
Suppose -3*c + 3 = -h, h - 4*c = -0*h - 4. Suppose 2*a - a = h. Suppose a*y - 18 = -2*y. List the prime factors of y.
3
Let x = 58 - 35. List the prime factors of x.
23
Let f = -194 + 122. Let i = -31 - f. List the prime factors of i.
41
Suppose 0 = -3*x + 12 + 3. Suppose x*b - 50 = -0*b. List the prime factors of b.
2, 5
Suppose 3*h = 3*j - 2*h + 10, 10 = -2*j + 4*h. Suppose s - 5*f = 14, j*s + 5*f - 74 = 26. What are the prime factors of s?
19
Suppose 2*b - 5 = b. Let m(r) = r**3 - 4*r**2 + 1. List the prime factors of m(b).
2, 13
Let f(k) be the second derivative of -1/2*k**3 - 3/2*k**2 - 2*k + 0. What are the prime factors of f(-4)?
3
Let m(v) = v**2 - 5*v - 3. What are the prime factors of m(9)?
3, 11
Let k = -116 - -65. Let g = k - -84. What are the prime factors of g?
3, 11
Suppose 0 = 4*m - s + 2*s - 12, 0 = -m - 4*s + 18. Suppose 11 + 9 = m*u. What are the prime factors of u?
2, 5
Let o(v) be the second derivative of -v**5/20 + 5*v**4/6 + v**3/6 + 13*v**2/2 + 2*v. Let n be o(10). Suppose n - 3 = 2*l. List the prime factors of l.
2, 5
Let x(c) = 4 + 8 - 4*c**2 - 5 + 5*c + 5*c**2. Suppose -2*m - 9 = 1. List the prime factors of x(m).
7
Suppose -4*o + 68 = -16. List the prime factors of o.
3, 7
Let r = 16 - 12. Suppose -4 = -r*i - 5*a + 58, 5*i - 100 = 5*a. What are the prime factors of i?
2, 3
Let k(g) = 0*g - 4*g - 10 + 4 - g. List the prime factors of k(-5).
19
Let j be (1 - -1)*1 - -4. Suppose -p - 27 = -5*u, 5*u + 2*p - 33 = j*p. List the prime factors of u.
5
Let s be (-63)/(-27) + (-1)/3. Let i = s + 2. What are the prime factors of i?
2
Suppose -2*u + g + 30 = 0, -u + 5*u - 52 = 4*g. What are the prime factors of u?
17
Let n(z) = z**3 + 7*z**2 - 24*z - 1. What are the prime factors of n(-6)?
179
Let w(v) = v + 2. Let o be w(-2). Suppose 4*h = -o*h + 28. What are the prime factors of h?
7
Let r be 78/8 + 3/12. Let i be r/8*5*4. Let o = i + -14. What are the prime factors of o?
11
Let n = 3 + -19. Let a = 26 + n. Suppose -4*r - a = -34. What are the prime factors of r?
2, 3
Let t(l) = -6*l - 34. What are the prime factors of t(-15)?
2, 7
What are the prime factors of ((-172)/(-8))/((-3)/(-6))?
43
Let o(s) = -s. Let j(d) = 4. Let u(g) = g**2 + 3*g + 1. Let t be u(-2). Let b(p) = t*j(p) + 2*o(p). What are the prime factors of b(-6)?
2
Suppose -2*l + 12 = 4*b, 3*b + 5*l = -0*l + 16. Suppose u = -b*u - 3. Let c(p) = -7*p. What are the prime factors of c(u)?
7
List the prime factors of ((-17)/(-3))/((-3)/(-9)).
17
Let z(t) = 6*t - 2*t - 23 + 28 + 8. What are the prime factors of z(10)?
53
Let c(g) = g**2 + 10*g + 13. Let a be c(-9). Suppose u - a = k - 0*k, k = -3*u. What are the prime factors of 19/((k + 0)/(-3))?
19
Let h(t) = -t. Let j(c) = 6*c - 2. Let g(x) = -h(x) - j(x). List the prime factors of g(-2).
2, 3
Let m(d) = -2*d + 1. What are the prime factors of m(-14)?
29
Suppose -2*c + 57 = 3*y, 0 = -5*y + c + 56 + 39. List the prime factors of y.
19
List the prime factors of 982/20 + (-4)/40.
7
Let j = -3 + 5. Suppose j*d - 3*d - 2 = 0. What are the prime factors of d/8 + 74/8?
3
List the prime factors of (1 - 2) + 1 + (-130)/(-2).
5, 13
Let r(c) be the second derivative of -c**4/12 - c**3 + 3*c**2 + 2*c. Suppose 2*a + 10 = 4*i + 2, 2*a + i + 13 = 0. List the prime factors of r(a).
2, 3
Suppose 3*m = 143 - 53. What are the prime factors of m?
2, 3, 5
Let s(c) = c**2 - 2*c. List the prime factors of s(-4).
2, 3
Let w(r) = r**3 + 5*r**2 - 7*r + 3. Let i(m) = 2*m. Let k be i(-3). List the prime factors of w(k).
3
Let u(a) = -3*a**3 - 9*a - 5. Let h(w) = w**3 + 4*w + 2. Let v(o) = -5*h(o) - 2*u(o). List the prime factors of v(3).
3, 7
Let l(x) = 14*x**3 + x + 1 + 0*x - x**2 - 6*x**3 - 13*x**3. Let c be l(-1). Suppose -c*g + 44 = 5*r, -2*r = g - 11 - 3. What are the prime factors of g?
2, 3
Suppose 3*i - 2*v = -20, 0*i + 2*i + 3*v + 9 = 0. Let n = 32 + i. List the prime factors of n.
2, 13
Suppose -5*z + 10*z = -45. Let s = -5 - z. What are the prime factors of s?
2
Let m(x) = -x**2 - 1. Let z be (-3)/(-3)*2 - -1. Let u be m(z). List the prime factors of ((-32)/u)/(8/20).
2
Let b(w) = -w**2 + 15*w - 3. List the prime factors of b(11).
41
Let d(j) = 3*j**2 + 10*j - 5. Let q(g) = -2*g**2 - 9*g + 4. Let a(f) = 4*d(f) + 5*q(f). What are the prime factors of a(4)?
2, 3
Let i be -3 - -3 - -3 - -3. Let v = 37 - i. List the prime factors of v.
31
Let r(l) = -l**2 - 6*l + 4. Let i be r(-6). Let f be (i/12)/(1/18). What are the prime factors of f/(-12) - (-37)/2?
2, 3
Let w = -9 - -11. Let c(t) = -10*t**2 + 2*t. Let l(n) = 9*n**2 - 2*n. Let x(r) = 6*c(r) + 7*l(r). List the prime factors of x(w).
2
Let g(z) = 15*z**3 - 2*z + 1. Let p(s) = -s**3 - 2*s**2 - s - 1. Let u be p(-2). What are the pri